)/(2/44). Suppose -x*j + 9*j = -44. What are the prime factors of j?
2, 11
Let p(o) = -3*o - 5. Let x(y) = -8*y - 34. Let s(j) = 2. Let u(h) = 22*s(h) + 2*x(h). Let l(g) = -24*p(g) + 5*u(g). What are the prime factors of l(-2)?
2
Suppose 0 = -k + 8 - 48. Let o = -63 - -16. What are the prime factors of o/(-5) + 16/k?
3
Suppose 0 = -2*j - 0 + 6. Let p be 10/((-4)/(-18)*j). Let h = p - 8. What are the prime factors of h?
7
Let i(r) = 9*r - 1. Let m = 15 - 10. Let p = 7 - m. What are the prime factors of i(p)?
17
Suppose -2*f + 2 = -2. Suppose -3*a = f*a + 25. Let g(l) = -l**3 - 6*l**2 - 6*l + 2. What are the prime factors of g(a)?
7
Suppose -6*z = -z - 20. Suppose -48 = -z*u + 116. What are the prime factors of u?
41
Let q = 51 + 6. What are the prime factors of q?
3, 19
Let o(z) = z**2 - 3*z - 3. List the prime factors of o(-6).
3, 17
Let x = 2 - 0. Let s(v) = v**x + 4*v**2 + v**3 + 4*v + 0*v. List the prime factors of s(-3).
2, 3
List the prime factors of -1 + 5 + 351/9.
43
Suppose 2*v - 14 = n - 3, -5*v + 26 = -2*n. Suppose 36 = v*s - 8. List the prime factors of s.
11
Suppose 3*x + 1 + 8 = n, 0 = -2*n + 4*x + 14. Let g be (-6)/(((-27)/6)/n). Suppose -g*m + 5 = 3*d - 6*d, 4*d = -3*m + 35. What are the prime factors of m?
5
Let q(w) = -2*w + w**2 - 3 + 3*w + 0*w**2 + 3*w. What are the prime factors of q(-9)?
2, 3, 7
Let h(n) = -n + 6. Let m(d) = -2. Let b(z) = 6*h(z) + 17*m(z). What are the prime factors of b(-2)?
2, 7
Let d = 355 - 196. List the prime factors of d.
3, 53
Let z(a) = a**3 + 16*a**2 - 7*a - 24. What are the prime factors of z(-16)?
2, 11
Suppose -5*w + 81 = -2*w. What are the prime factors of w?
3
Suppose 3*s + 2*s = 10. Suppose -6*b + 4*b = s. Let z = 9 - b. What are the prime factors of z?
2, 5
Let l(z) = 29*z - 6. List the prime factors of l(3).
3
Suppose 14 + 16 = 5*o. List the prime factors of o.
2, 3
Suppose -2*s + 44 = 2*k, 2*k - 2*s = 16 + 12. Suppose 8 = -z + k. What are the prime factors of z?
2, 5
Let j = -40 - -70. Let r = 55 - 39. Let i = j - r. What are the prime factors of i?
2, 7
Suppose -t - 2*t + 6 = 0. Suppose 0*f + 4*x = -3*f, -t*x = -f + 10. Suppose 2*i - f*c = -i + 27, 4*i = -2*c + 58. What are the prime factors of i?
13
What are the prime factors of (54/(-4))/(11/(-286))?
3, 13
Let r = -1 - -35. What are the prime factors of r?
2, 17
Let u(y) = 10*y + 6. Let f(v) = -1. Let x(b) = -4*f(b) - u(b). Let o be x(-2). Suppose 3*w = -0*w + o. List the prime factors of w.
2, 3
Suppose l - 10 = -f, 3*l = -f + 22 - 2. Suppose -4*t - l*v = -32, t + 4*v = -v - 7. List the prime factors of t.
13
Suppose -2*o = o - 45. Suppose 2*d = -o + 1. What are the prime factors of (d/(-14))/((-1)/(-12))?
2, 3
Let p(n) = 2*n - 5. Let i(h) = -h + 3. Let z(m) = 11*i(m) + 6*p(m). Let b be z(6). Let k = b + 1. What are the prime factors of k?
2, 5
Let b = -60 - -138. What are the prime factors of (-1)/(-3) - b/(-9)?
3
Suppose 3*s - 5*h = 9 + 1, -2*h + 38 = 3*s. Let u = s - 6. Suppose u = b - 3*k, -4*k + 7 = 3*b - 5. List the prime factors of b.
2
Let h = 20 - 6. What are the prime factors of h?
2, 7
Suppose 5*o - 2*o + 6 = 0. What are the prime factors of (0 + -2)/(o/10)?
2, 5
Let c(n) = 10*n - 2 + 3 - 14*n. Let h = 1 - 4. List the prime factors of c(h).
13
Suppose 5*v - 50 = -2*f, 2*f + v - 22 = 3*v. What are the prime factors of f?
3, 5
Let z(h) = -h**2 - 9*h - 3. Let n(a) = -a**2 - a - 9. Let c be n(0). Let l be z(c). Let u = l + 17. List the prime factors of u.
2, 7
Suppose 5*l + 2*z = 120, l + 4*l + z - 120 = 0. Let y be l/((-9)/(-3)) + 3. Let g = 3 + y. List the prime factors of g.
2, 7
Let j = 44 + -24. What are the prime factors of j?
2, 5
Suppose 10*o - 509 = 801. What are the prime factors of o?
131
What are the prime factors of 0 - (-1)/(1/99)?
3, 11
Suppose -3*v + 5*v + 12 = 0. Let a be (1/1)/(-2)*v. What are the prime factors of (-4)/a*30/(-4)?
2, 5
Suppose 4*k - 99 = -5*a, -2*k + 4*k = 2. What are the prime factors of a?
19
Suppose 5*m + 20 = 0, -6*g + 136 = -4*g - 4*m. What are the prime factors of g?
2, 3, 5
Let r(m) = -m**2 - 6*m - 6. Let s be r(-6). Let g be (-16)/s - (-4)/(-6). List the prime factors of g/(10/(-6) - -2).
2, 3
Suppose 276 = 5*g + 5*a - 34, 3*g - 188 = -2*a. What are the prime factors of g?
2
Let n(w) be the first derivative of 5*w**2/2 + w - 3. Suppose -3*p + 2 = -p. What are the prime factors of n(p)?
2, 3
Let t = -62 - -91. Let i = t - 21. List the prime factors of i.
2
Let b = 13 - 7. Suppose 120 - 330 = -b*s. List the prime factors of s.
5, 7
Let g(v) = -v**3 + 2*v**2 + v - 1. Let n be g(1). Let y be 2/n - 3/(-3). Suppose 55 = -0*z + 5*z - 2*i, y*i = 3*z - 42. What are the prime factors of z?
3
Let x(m) = m**3 - 3*m**2 + 1. Let z be x(2). What are the prime factors of 2/(4/6) - z?
2, 3
Suppose 2*o - 4*o = -32. What are the prime factors of o?
2
Suppose -2*r + 0*r = 2*a - 176, 3*r - 282 = 3*a. What are the prime factors of r?
7, 13
Let u = 55 + -32. What are the prime factors of u?
23
Suppose -3*o + 754 = -y + 236, 0 = 2*y + 10. List the prime factors of o.
3, 19
Suppose 0*q = -5*q + 20. Suppose q*w = 26 + 6. List the prime factors of w.
2
Suppose 4*k + i = 2*k + 9, 5*i - 30 = -5*k. Let z(y) = -2*y - 7. Let w be z(-6). Let v = k + w. List the prime factors of v.
2
Suppose -x + 265 = 4*x - k, 166 = 3*x - 2*k. List the prime factors of x.
2, 13
Let f be -5*-3*8/60. Suppose -2*c = -3*c. Suppose 0 = f*p + 3*p - 4*i - 60, c = 3*p - 2*i - 34. List the prime factors of p.
2
Suppose 0 = 2*c + 3*k - 36, 3*c - 4*c = -5*k + 8. Suppose 0 = -q - 5*w + c + 3, -5*q = 3*w - 9. Suppose -2 = -q*r - r. What are the prime factors of r?
2
Let s = 54 + -28. What are the prime factors of s?
2, 13
Suppose -o + 10 = o. Suppose 5*w - 10 = -o. Suppose 2*u - 13 = -w. List the prime factors of u.
2, 3
Suppose -14*b + 356 + 1212 = 0. List the prime factors of b.
2, 7
Suppose 10 = -0*u + 2*u. Suppose 0 = l - 3, 2 = -u*n - 4*l + 24. Suppose 0 = -n*c + 22 + 6. List the prime factors of c.
2, 7
Let f(r) = -2*r - 1. Suppose t = -m - 11, 2*m - 1 = -4*t - 37. What are the prime factors of f(t)?
13
Let t = 46 + -75. Let b = t - -45. List the prime factors of b.
2
Suppose -2*o + y - 4*y + 7 = 0, -4*o + 20 = 4*y. Suppose -5*i = -o - 2. List the prime factors of i/(-8) - 36/(-16).
2
Let h = -21 + 37. List the prime factors of h.
2
Let r(n) = 3*n - 3. What are the prime factors of r(4)?
3
Let u(l) = -3*l**2 + 0*l**2 - 1 + 2*l**2 - l - 7*l**3. Let p be 0 + (-2)/(1 - -1). List the prime factors of u(p).
2, 3
Suppose -172 = -t - t - 2*v, 4*v - 92 = -t. List the prime factors of t.
2, 3, 7
Let h(c) = c - 6. Let m(t) = -t**3 + 4*t**2 + 2*t - 2. Let j be m(4). Let n be h(j). List the prime factors of 6/(-4)*(n + -4).
2, 3
Let g = -25 + 48. Let x = 38 - g. What are the prime factors of x?
3, 5
Suppose 4*o - 5*o = 3*f, 4*f = -3*o. Let l(q) be the third derivative of q**4/24 + 5*q**3/3 + q**2. List the prime factors of l(f).
2, 5
Suppose 0 = -0*a + 4*a. Suppose -2*c - 2 - 2 = a. Let n(q) = -2*q**3 + 2*q - 1. What are the prime factors of n(c)?
11
Let p be (3/2)/((-6)/(-664)). Suppose t + 3*g = 34, 0*t - 2*g = 4*t - p. List the prime factors of t.
43
Let u(g) = g**2 + 9*g + 14. What are the prime factors of u(-17)?
2, 3, 5
Suppose 0 = b - 1, b + 15 = 4*i + 4*b. Suppose -i*z - 7 = 2. Let d = 0 - z. What are the prime factors of d?
3
Let v be 2*(-6)/(9/3). Let f = -1 - v. List the prime factors of f.
3
Suppose 3*p + 146 = 5*f - 286, -5*f + 5*p + 440 = 0. Let h = f - 50. Suppose o = 2*b - 17, -5*b + 11 = -3*o - h. List the prime factors of b.
2, 3
Let p(w) be the third derivative of w**4/3 - 11*w**3/6 + 7*w**2. List the prime factors of p(5).
29
Suppose -4*u + 14 = -4*q + 2, -15 = -3*u. Suppose 0*b - 4 = -q*b. What are the prime factors of b?
2
Suppose -51 - 3 = -2*l. List the prime factors of l.
3
Suppose 5*r - 17 = 8. Suppose 0 = -3*w - 4*t + 150, -r*w + t = 4*t - 261. List the prime factors of (0 - -1)*w/6.
3
Let f be (3 + (2 - 1))*-1. Let g = 15 + f. What are the prime factors of g?
11
Let z(s) = 3*s + 0*s - s**3 - 3 + 2 + 7*s**2. Let u be z(7). Suppose 5*x + 2*g - 82 = g, -u = -x + g. What are the prime factors of x?
17
Suppose 4*v - 2*v = 32. List the prime factors of v.
2
Let b = -27 - -15. Let n = 41 + b. What are the prime factors of n?
29